 4848 and 48.
48
Calculate the highest common factor of 315 and 840.
105
What is the greatest common factor of 72 and 12888?
72
What is the greatest common factor of 13184 and 206?
206
What is the highest common divisor of 60 and 24?
12
What is the greatest common divisor of 184 and 9614?
46
Calculate the highest common divisor of 51362 and 122.
122
What is the greatest common factor of 55 and 505?
5
Calculate the greatest common divisor of 4420 and 4.
4
What is the greatest common divisor of 12 and 18?
6
What is the highest common factor of 132 and 276?
12
Calculate the highest common factor of 37 and 74.
37
What is the highest common factor of 6 and 146?
2
What is the greatest common factor of 147 and 168?
21
What is the highest common divisor of 8 and 488?
8
What is the greatest common divisor of 7 and 7?
7
Calculate the highest common factor of 8 and 4752.
8
Calculate the greatest common divisor of 600 and 225.
75
Calculate the greatest common divisor of 7 and 343.
7
What is the greatest common divisor of 124 and 12?
4
Calculate the greatest common factor of 220 and 55.
55
Calculate the greatest common divisor of 96 and 84.
12
Calculate the greatest common divisor of 130 and 40.
10
Calculate the greatest common factor of 360 and 72.
72
Calculate the greatest common divisor of 36 and 135.
9
Calculate the greatest common factor of 92 and 1196.
92
What is the greatest common divisor of 122 and 10309?
61
Calculate the greatest common factor of 98 and 539.
49
What is the highest common divisor of 44 and 836?
44
Calculate the greatest common divisor of 11694 and 6.
6
What is the greatest common factor of 2112 and 216?
24
Calculate the greatest common divisor of 196 and 42.
14
Calculate the greatest common divisor of 70 and 595.
35
Calculate the highest common factor of 80 and 600.
40
Calculate the highest common factor of 44 and 22.
22
What is the greatest common factor of 80 and 1280?
80
Calculate the highest common factor of 7743 and 534.
267
Calculate the highest common divisor of 867 and 1275.
51
What is the highest common divisor of 530 and 3392?
106
What is the highest common factor of 713 and 31?
31
Calculate the highest common divisor of 231 and 63.
21
Calculate the highest common factor of 18 and 2007.
9
What is the greatest common factor of 3503 and 31?
31
Calculate the greatest common factor of 40 and 16.
8
Calculate the highest common factor of 267 and 1157.
89
Calculate the highest common factor of 504 and 162.
18
Calculate the greatest common divisor of 28 and 9.
1
Calculate the highest common divisor of 75 and 135.
15
Calculate the highest common factor of 132 and 48.
12
Calculate the greatest common divisor of 496 and 558.
62
Calculate the greatest common divisor of 4802 and 14.
14
Calculate the greatest common divisor of 187 and 136.
17
Calculate the highest common divisor of 231 and 66.
33
Calculate the greatest common divisor of 3 and 798.
3
Calculate the greatest common factor of 186 and 11346.
186
Calculate the greatest common factor of 96 and 9.
3
Calculate the greatest common divisor of 615 and 41.
41
Calculate the highest common factor of 5018 and 26.
26
Calculate the greatest common divisor of 1236 and 60.
12
What is the greatest common factor of 11875 and 125?
125
What is the greatest common divisor of 748 and 5423?
187
What is the highest common divisor of 164 and 55268?
164
What is the greatest common divisor of 869 and 395?
79
Calculate the greatest common divisor of 215 and 10.
5
Calculate the greatest common factor of 77 and 253.
11
Calculate the greatest common factor of 329 and 7.
7
Calculate the highest common factor of 88 and 110.
22
What is the highest common divisor of 13176 and 162?
54
What is the highest common divisor of 30 and 20?
10
Calculate the highest common divisor of 116 and 148.
4
What is the greatest common factor of 24 and 888?
24
What is the highest common factor of 129 and 15?
3
What is the highest common divisor of 1624 and 5075?
203
What is the greatest common divisor of 1535 and 5?
5
What is the greatest common factor of 388 and 8?
4
Calculate the highest common factor of 97 and 1843.
97
Calculate the highest common factor of 204 and 646.
34
Calculate the highest common factor of 550 and 198.
22
What is the highest common factor of 168 and 792?
24
Calculate the greatest common divisor of 15 and 2955.
15
Calculate the greatest common factor of 323 and 703.
19
What is the highest common divisor of 649 and 517?
11
What is the greatest common divisor of 5535 and 135?
135
What is the highest common divisor of 570 and 912?
114
Calculate the greatest common factor of 9 and 26.
1
Calculate the greatest common factor of 18 and 72.
18
Calculate the greatest common factor of 25021 and 191.
191
What is the highest common factor of 52 and 143?
13
Calculate the greatest common factor of 260 and 182.
26
What is the highest common divisor of 27 and 6615?
27
Calculate the highest common factor of 140 and 80.
20
Calculate the greatest common factor of 70 and 770.
70
What is the greatest common divisor of 125 and 20925?
25
What is the highest common divisor of 28592 and 32?
16
Calculate the greatest common factor of 306 and 68.
34
Calculate the highest common divisor of 20 and 50.
10
What is the greatest common divisor of 322 and 1656?
46
What is the greatest common divisor of 18 and 12069?
9
What is the highest common factor of 1469 and 226?
113
What is the highest common factor of 108 and 36?
36
What is the greatest common factor of 2730 and 4875?
195
Calculate the greatest common divisor of 3252 and 12.
12
Calculate the greatest common factor of 1024 and 16.
16
What is the greatest common divisor of 1961 and 3816?
53
Calculate the highest common divisor of 80 and 2440.
40
What is the highest common factor of 2 and 26?
2
What is the greatest common divisor of 268 and 67?
67
What is the greatest common divisor of 1 and 152?
1
Calculate the greatest common divisor of 224 and 616.
56
What is the highest common divisor of 20 and 260?
20
What is the greatest common factor of 3151 and 1507?
137
What is the highest common divisor of 92 and 2231?
23
Calculate the greatest common factor of 308 and 132.
44
Calculate the highest common factor of 375 and 24.
3
What is the greatest common divisor of 154 and 112266?
154
What is the greatest common divisor of 1728 and 108?
108
What is the greatest common factor of 664 and 249?
83
Calculate the greatest common factor of 90 and 35.
5
What is the highest common divisor of 1702 and 666?
74
What is the greatest common divisor of 432 and 32?
16
What is the highest common divisor of 2697 and 87?
87
What is the highest common divisor of 330 and 420?
30
What is the highest common divisor of 36 and 4?
4
What is the highest common factor of 66 and 29634?
66
What is the greatest common factor of 17 and 17?
17
What is the highest common factor of 5 and 29?
1
Calculate the greatest common factor of 455 and 364.
91
What is the highest common divisor of 24 and 106?
2
What is the highest common factor of 85 and 204?
17
What is the highest common divisor of 1349 and 57?
19
What is the highest common divisor of 464 and 29?
29
Calculate the greatest common factor of 80 and 2656.
16
Calculate the greatest common divisor of 991 and 2.
1
Calculate the highest common divisor of 40122 and 54.
54
What is the greatest common factor of 1147 and 31?
31
Calculate the greatest common factor of 44 and 781.
11
What is the greatest common factor of 45 and 2754?
9
What is the highest common factor of 22 and 242?
22
What is the highest common divisor of 196 and 28?
28
Calculate the highest common divisor of 189 and 6111.
63
Calculate the highest common factor of 1768 and 481.
13
Calculate the highest common factor of 4 and 492.
4
What is the greatest common factor of 221 and 901?
17
What is the highest common divisor of 1071 and 28?
7
What is the highest common divisor of 180 and 320?
20
Calculate the highest common divisor of 160 and 224.
32
Calculate the highest common factor of 169 and 26.
13
What is the highest common divisor of 627 and 33?
33
Calculate the greatest common divisor of 7 and 336.
7
What is the highest common divisor of 181 and 2?
1
What is the greatest common divisor of 656 and 123?
4